ed by 106?
94
Calculate the remainder when 1563753 is divided by 521215.
108
What is the remainder when 8556204 is divided by 4278084?
36
Calculate the remainder when 9059 is divided by 141.
35
What is the remainder when 342890 is divided by 503?
347
Calculate the remainder when 2199870 is divided by 81.
72
What is the remainder when 805675 is divided by 3029?
2990
Calculate the remainder when 373301 is divided by 604.
29
Calculate the remainder when 1985418 is divided by 7408.
74
What is the remainder when 7644887 is divided by 41?
27
What is the remainder when 15619446 is divided by 202?
200
What is the remainder when 5126882 is divided by 12535?
67
Calculate the remainder when 22817599 is divided by 3023.
3018
Calculate the remainder when 160993 is divided by 26432.
2401
Calculate the remainder when 2018322 is divided by 74.
46
What is the remainder when 677109 is divided by 3121?
2973
Calculate the remainder when 1999696 is divided by 13511.
68
Calculate the remainder when 165486484 is divided by 33.
31
What is the remainder when 14292 is divided by 1976?
460
What is the remainder when 18639217 is divided by 150316?
33
Calculate the remainder when 1234432 is divided by 28707.
31
Calculate the remainder when 8435114 is divided by 101.
99
What is the remainder when 93772438 is divided by 23443102?
30
Calculate the remainder when 30924153 is divided by 7195.
43
What is the remainder when 46761769 is divided by 1338?
7
Calculate the remainder when 605065 is divided by 120999.
70
What is the remainder when 1065746 is divided by 355227?
65
Calculate the remainder when 364190 is divided by 2821.
281
What is the remainder when 31356 is divided by 30024?
1332
Calculate the remainder when 1296160724 is divided by 15.
14
What is the remainder when 3960045 is divided by 68?
65
Calculate the remainder when 222861093 is divided by 4548.
4545
What is the remainder when 2209102 is divided by 40165?
27
What is the remainder when 8160264 is divided by 31146?
12
Calculate the remainder when 352320 is divided by 1288.
696
Calculate the remainder when 12813714 is divided by 3726.
0
What is the remainder when 3036958 is divided by 912?
910
What is the remainder when 629377 is divided by 32981?
2738
Calculate the remainder when 195742 is divided by 195691.
51
Calculate the remainder when 2008368 is divided by 8299.
10
Calculate the remainder when 107596 is divided by 103941.
3655
What is the remainder when 13131242 is divided by 285461?
36
What is the remainder when 1047893 is divided by 1674?
1643
What is the remainder when 62980 is divided by 19299?
5083
What is the remainder when 262554 is divided by 37507?
5
What is the remainder when 47632 is divided by 1252?
56
What is the remainder when 147590 is divided by 4903?
500
What is the remainder when 19901 is divided by 3102?
1289
Calculate the remainder when 46893586 is divided by 7815594.
22
What is the remainder when 113565 is divided by 9450?
165
What is the remainder when 25120630 is divided by 181?
2
What is the remainder when 622634 is divided by 4354?
12
What is the remainder when 248565 is divided by 6170?
1765
Calculate the remainder when 92290 is divided by 1133.
517
What is the remainder when 1797612 is divided by 238?
236
What is the remainder when 272751 is divided by 6159?
1755
What is the remainder when 4145450 is divided by 32?
10
What is the remainder when 1112752 is divided by 1639?
1510
Calculate the remainder when 3132348 is divided by 59098.
154
What is the remainder when 243772979 is divided by 2884?
2879
What is the remainder when 733081 is divided by 146613?
16
What is the remainder when 24595 is divided by 14?
11
What is the remainder when 6930058 is divided by 769?
599
What is the remainder when 1535932757 is divided by 1162?
1157
What is the remainder when 1464473 is divided by 428?
285
What is the remainder when 9594555 is divided by 87?
21
What is the remainder when 22002278 is divided by 169?
168
What is the remainder when 169159 is divided by 33538?
1469
Calculate the remainder when 15680918 is divided by 35397.
47
Calculate the remainder when 4990361 is divided by 6601.
5
What is the remainder when 5100214 is divided by 761?
753
What is the remainder when 3244533 is divided by 33797?
21
What is the remainder when 69500 is divided by 1828?
36
Calculate the remainder when 34036 is divided by 1445.
801
Calculate the remainder when 290851 is divided by 35.
1
Calculate the remainder when 3974158 is divided by 10918.
6
What is the remainder when 13003868 is divided by 82?
62
What is the remainder when 9130396 is divided by 175584?
28
What is the remainder when 24854 is divided by 203?
88
What is the remainder when 148098475 is divided by 82?
79
Calculate the remainder when 297098 is divided by 59406.
68
What is the remainder when 2215382 is divided by 508?
502
What is the remainder when 480951 is divided by 120225?
51
What is the remainder when 230047 is divided by 195?
142
Calculate the remainder when 104561 is divided by 51289.
1983
Calculate the remainder when 9645 is divided by 1327.
356
What is the remainder when 403922 is divided by 33659?
14
What is the remainder when 896640 is divided by 1518?
1020
What is the remainder when 76768 is divided by 76725?
43
Calculate the remainder when 9048062 is divided by 13.
10
Calculate the remainder when 10762 is divided by 9240.
1522
Calculate the remainder when 2276293 is divided by 78489.
112
What is the remainder when 5872486 is divided by 48?
22
Calculate the remainder when 170788994 is divided by 411.
410
Calculate the remainder when 1397638 is divided by 2.
0
Calculate the remainder when 1786711 is divided by 1309.
1235
Calculate the remainder when 770186 is divided by 384208.
1770
Calculate the remainder when 234923 is divided by 78305.
8
What is the remainder when 4900646 is divided by 19?
14
What is the remainder when 2928628 is divided by 209182?
80
What is the remainder when 221706 is divided by 110842?
22
Calculate the remainder when 783913 is divided by 111964.
165
Calculate the remainder when 1207667 is divided by 602670.
2327
Calculate the remainder when 3093310 is divided by 2054.
2040
What is the remainder when 5704049 is divided by 11340?
29
What is the remainder when 106710111 is divided by 166?
165
Calculate the remainder when 516864 is divided by 2297.
39
Calculate the remainder when 43587 is divided by 43529.
58
Calculate the remainder when 7869267 is divided by 114047.
24
Calculate the remainder when 19023635 is divided by 785.
730
What is the remainder when 61095 is divided by 4060?
195
What is the remainder when 2331772 is divided by 122?
108
Calculate the remainder when 1132221 is divided by 283050.
21
What is the remainder when 137751 is divided by 820?
811
Calculate the remainder when 15002549 is divided by 1000166.
59
What is the remainder when 99382 is divided by 24824?
86
Calculate the remainder when 11424087 is divided by 56.
31
What is the remainder when 17622447 is divided by 5992?
5967
What is the remainder when 19530616 is divided by 310?
306
Calculate the remainder when 6761541 is divided by 825.
666
What is the remainder when 95186 is divided by 398?
64
Calculate the remainder when 1556752 is divided by 778358.
36
Calculate the remainder when 587164 is divided by 15055.
19
What is the remainder when 1843027 is divided by 55?
32
What is the remainder when 64506 is divided by 1742?
52
Calculate the remainder when 1374611 is divided by 80855.
76
Calculate the remainder when 12484443 is divided by 1514.
1513
What is the remainder when 8867035 is divided by 1560?
1555
Calculate the remainder when 1291157 is divided by 1286.
13
Calculate the remainder when 292659 is divided by 11236.
523
Calculate the remainder when 28961015 is divided by 1113885.
5
What is the remainder when 227495 is divided by 75812?
59
Calculate the remainder when 2429773 is divided by 310.
303
Calculate the remainder when 22353321 is divided by 98.
11
Calculate the remainder when 3896114 is divided by 12858.
140
Calculate the remainder when 17120359 is divided by 3226.
3203
Calculate the remainder when 3301 is divided by 2542.
759
Calculate the remainder when 1011421 is divided by 74.
63
Calculate the remainder when 31991254 is divid